e 15?
-9
-4 (base 13) to base 4
-10
-10 (base 3) to base 16
-3
What is -3 (base 13) in base 3?
-10
Convert 111001 (base 2) to base 15.
3c
111 (base 5) to base 12
27
Convert 110 (base 7) to base 15.
3b
What is -4 (base 7) in base 10?
-4
What is 21 (base 4) in base 12?
9
-417 (base 8) to base 14
-155
Convert -30 (base 9) to base 12.
-23
-2 (base 3) to base 15
-2
-3 (base 16) to base 13
-3
What is 1 (base 13) in base 12?
1
What is 6 (base 12) in base 4?
12
Convert 82 (base 13) to base 16.
6a
What is -214 (base 6) in base 3?
-10001
What is -45 (base 9) in base 12?
-35
What is -1 (base 13) in base 14?
-1
Convert -2 (base 10) to base 11.
-2
What is 8 (base 9) in base 11?
8
What is -1 (base 9) in base 13?
-1
What is 12 (base 3) in base 8?
5
What is -2 (base 5) in base 3?
-2
What is -7 (base 15) in base 10?
-7
-21 (base 3) to base 7
-10
Convert 31 (base 15) to base 10.
46
Convert 22 (base 3) to base 7.
11
What is -1 (base 14) in base 9?
-1
What is 18 (base 11) in base 14?
15
What is 21 (base 3) in base 11?
7
Convert -10210 (base 3) to base 10.
-102
What is -111 (base 4) in base 6?
-33
Convert -6d (base 15) to base 8.
-147
Convert -135 (base 13) to base 9.
-256
-10101 (base 2) to base 7
-30
-7 (base 10) to base 5
-12
Convert 3 (base 11) to base 6.
3
What is -4 (base 12) in base 11?
-4
What is -10 (base 10) in base 15?
-a
What is 0 (base 12) in base 8?
0
What is -f (base 16) in base 3?
-120
Convert 14 (base 10) to base 13.
11
Convert -11 (base 4) to base 2.
-101
What is 20111 (base 3) in base 2?
10101111
-121 (base 13) to base 9
-237
Convert 112 (base 4) to base 5.
42
Convert -5 (base 9) to base 11.
-5
-124 (base 5) to base 8
-47
Convert -4 (base 7) to base 3.
-11
Convert -a (base 11) to base 3.
-101
Convert 21 (base 4) to base 9.
10
Convert 2 (base 12) to base 7.
2
What is -110 (base 4) in base 10?
-20
What is 1100 (base 4) in base 14?
5a
Convert -2 (base 12) to base 5.
-2
Convert -1 (base 3) to base 6.
-1
-101 (base 2) to base 5
-10
11 (base 12) to base 11
12
What is -1 (base 2) in base 6?
-1
What is 3 (base 6) in base 4?
3
-1 (base 3) to base 10
-1
What is 22 (base 3) in base 12?
8
What is 3 (base 14) in base 3?
10
46 (base 11) to base 15
35
14 (base 9) to base 16
d
Convert 40 (base 12) to base 8.
60
Convert -1 (base 3) to base 11.
-1
What is -4 (base 9) in base 10?
-4
What is -37 (base 11) in base 3?
-1111
What is 0 (base 3) in base 10?
0
What is 2 (base 9) in base 14?
2
What is 3 (base 4) in base 6?
3
Convert 9a (base 12) to base 2.
1110110
What is -6 (base 10) in base 13?
-6
-11 (base 3) to base 10
-4
1c (base 14) to base 15
1b
What is 267 (base 11) in base 7?
630
-3 (base 11) to base 5
-3
-5 (base 9) to base 8
-5
100 (base 2) to base 5
4
Convert -1 (base 11) to base 3.
-1
100010011 (base 2) to base 11
230
4 (base 8) to base 16
4
Convert -1000 (base 2) to base 10.
-8
110001 (base 2) to base 15
34
What is -534 (base 6) in base 12?
-14a
6 (base 13) to base 4
12
170 (base 9) to base 12
100
-1111 (base 2) to base 12
-13
Convert -22220 (base 3) to base 14.
-132
-1 (base 5) to base 15
-1
Convert 1 (base 8) to base 4.
1
Convert 3 (base 8) to base 5.
3
Convert -10021 (base 3) to base 12.
-74
What is -11210 (base 3) in base 12?
-a9
Convert 2120 (base 3) to base 6.
153
What is 11011 (base 2) in base 16?
1b
What is -278 (base 9) in base 15?
-108
3 (base 12) to base 2
11
0 (base 13) to base 7
0
What is c (base 13) in base 11?
11
What is 0 (base 4) in base 5?
0
1 (base 16) to base 14
1
What is -101001101 (base 2) in base 15?
-173
322 (base 4) to base 9
64
11110100 (base 2) to base 7
466
Convert -3 (base 8) to base 12.
-3
Convert 4 (base 5) to base 11.
4
Convert -3 (base 14) to base 3.
-10
What is -2 (base 12) in base 3?
-2
What is 332 (base 4) in base 13?
4a
5 (base 12) to base 3
12
12122 (base 3) to base 2
10011000
What is 13 (base 7) in base 9?
11
-221 (base 4) to base 10
-41
Convert -10 (base 10) to base 11.
-a
What is 10 (base 2) in base 4?
2
What is -b (base 12) in base 4?
-23
Convert 10 (base 10) to base 4.
22
Convert -3 (base 8) to base 14.
-3
Convert 2 (base 5) to base 4.
2
25 (base 12) to base 2
11101
222 (base 6) to base 5
321
-148 (base 11) to base 14
-c5
What is -63 (base 11) in base 7?
-126
110 (base 3) to base 13
c
What is 7a (base 15) in base 13?
8b
What is 13 (base 7) in base 3?
101
20 (base 8) to base 4
100
12 (base 10) to base 4
30
-1000100 (base 2) to base 11
-62
What is 23 (base 6) in base 4?
33
-1 (base 14) to base 3
-1
100 (base 3) to base 13
9
-7 (base 9) to base 10
-7
Convert 101 (base 3) to base 4.
22
12 (base 6) to base 15
8
What is 2 (base 7) in base 2?
10
What is 21 (base 10) in base 9?
23
3 (base 14) to base 2
11
What is -1 (base 16) in base 14?
-1
What is -2c (base 16) in base 6?
-112
-24 (base 8) to base 9
-22
-20 (base 4) to base 5
-13
-5 (base 14) to base 5
-10
Convert -41 (base 11) to base 9.
-50
What is 18 (base 11) in base 7?
25
-2b (base 13) to base 14
-29
-60 (base 8) to base 9
-53
-212 (base 3) to base 2
-10111
-8 (base 13) to base 11
-8
Convert -14 (base 11) to base 9.
-16
Convert 0 (base 13) to base 8.
0
110 (base 3) to base 2
1100
-2 (base 5) to base 6
-2
Convert 2 (base 14) to base 10.
2
Convert -21 (base 4) to base 8.
-11
Convert 1 (base 14) to base 5.
1
Convert -2 (base 3) to base 8.
-2
Convert -2 (base 9) to base 6.
-2
-3 (base 16) to base 6
-3
What is 11 (base 3) in base 15?
4
What is 4 (base 16) in base 14?
4
Convert 212 (base 3) to base 9.
25
-252 (base 7) to base 3
-12000
What is -28 (base 14) in base 10?
-36
Convert 2121 (base 3) to base 6.
154
Convert -f (base 16) to base 10.
-15
3 (base 10) to base 15
3
Convert -2 (base 10) to base 4.
-2
-121 (base 4) to base 3
-221
Convert 11110 (base 2) to base 10.
30
4 (base 9) to base 12
4
-8 (base 14) to base 5
-13
Convert -11 (base 6) to base 8.
-7
Convert 51 (base 13) to base 11.
60
2 (base 11) to base 7
2
Convert -10 (base 9) to base 15.
-9
What is 14 (base 13) in base 5?
32
8 (base 9) to base 14
8
-1000011 (base 2) to base 5
-232
What is 11 (base 5) in base 12?
6
-103 (base 4) to base 16
-13
Convert b5 (base 13) to base 14.
a8
What is 4 (base 12) in base 7?
4
-2 (base 14) to base 5
-2
Convert -3 (base 6) to base 15.
-3
-5 (base 10) to base 3
-12
Convert 102220 (base 3) to base 15.
166
7 (base 16) to base 6
11
What is -5 (base 13) in base 12?
-5
-4 (base 12) to base 6
-4
What is -6 (base 12) in base 10?
-6
Convert 13 (base 5) to base 2.
1000
110 (base 13) to base 3
20202
What is -4 (base 16) in base 13?
-4
Convert 1024 (base 6) to base 16.
e8
-5 (base 13) to base 16
-5
Convert 4 (base 10) to base 9.
4
Convert -1 (base 14) to base 7.
-1
Convert -21 (base 3) to base 16.
-7
Convert 10 (base 5) to base 12.
5
Convert -1 (base 2) to base 3.
-1
What is -22 (base 5) in base 16?
-c
Convert 111010 (base 2) to base 16.
3a
What is 4 (base 11) in base 16?
4
-3 (base 13) to base 9
-3
What is -176 (base 9) in base 16?
-96
What is -25 (base 7) in base 6?
-31
Convert 2 (base 11) to base 8.
2
Convert 198 (base 13) to base 2.
100100110
109 (base 14) to base 16
cd
What is -6 (base 12) in base 14?
-6
What is 5 (base 15) in base 13?
5
Convert a (base 15) to base 16.
a
What is 1 (base 7) in base 3?
1
-2 (base 7) to base 12
-2
What is -8 (base 12) in base 10?
-8
What is 23 (base 11) in base 5?
100
What is -1 (base 16) in base 7?
-1
What is -10 (base 3) in base 8?
-3
33 (base 5) to base 11
17
-10 (base 7) to base 5
-12
What is -3 (base 8) in base 6?
-3
Convert 44 (base 10) to base 7.
62
Convert -1 (base 8) to base 11.
-1
What is d (base 14) in base 3?
111
What is 7b (base 16) in base 2?
1111011
What is 77 (base 11) in base 15?
59
174 (base 8) to base 2
1111100
10 (base 2) to base 7
2
What is 3 (base 11) in base 13?
3
62 (base 7) to base 13
35
Convert 0 (base 11) to base 3.
0
Convert -343 (base 5) to base 6.
-242
Convert 117 (base 14) to base 9.
261
What is -10 (base 6) in base 15?
-6
111100 (base 2) to base 5
220
What is 3 (base 13) in base 11?
3
What is -111 (base 2) in base 10?
-7
224 (base 5) to base 11
59
Convert 2303 (base 4) to base 8.
263
-d (base 14) to base 10
-13
What is -1 (base 9) in base 14?
-1
What is -48 (base 11) in base 3?
-1221
What is 283 (base 9) in base 5?
1422
Convert 201 (base 6) to base 12.
61
What is -3 (base 16) in base 8?
-3
-2220 (base 3) to base 5
-303
134 (